 number?
True
Is 14047 a prime number?
False
Is 99431 a prime number?
True
Is 1259 a prime number?
True
Is 35215 prime?
False
Is 2374997 composite?
False
Is 55501 a prime number?
True
Is 19821 prime?
False
Is 1009 composite?
False
Is 2863 composite?
True
Is 11593 a prime number?
True
Is 254161 a prime number?
True
Is 71159 prime?
False
Is 42043 a composite number?
False
Is 842407 composite?
False
Is 76079 composite?
False
Is 1943369 prime?
False
Is 721 composite?
True
Is 687121 a composite number?
False
Is 1087 composite?
False
Is 47683 a composite number?
True
Is 218279 prime?
True
Is 874051 a composite number?
True
Is 62761 a composite number?
False
Is 1623 prime?
False
Is 28907 a composite number?
True
Is 133853 a prime number?
True
Is 72251 prime?
True
Is 2719 composite?
False
Is 7229 composite?
False
Is 631 prime?
True
Is 11365 prime?
False
Is 124667 composite?
True
Is 4193 a prime number?
False
Is 73307 a composite number?
True
Is 1459 a prime number?
True
Is 1507 a composite number?
True
Is 223 a composite number?
False
Is 1657 composite?
False
Is 5545 a prime number?
False
Is 6469 a composite number?
False
Is 1049413 composite?
False
Is 13591 composite?
False
Is 5293 a composite number?
True
Is 195229 composite?
False
Is 19493 a prime number?
False
Is 739 composite?
False
Is 12353 a prime number?
False
Is 12449 a composite number?
True
Is 97529 composite?
True
Is 73373 composite?
True
Is 206243 a prime number?
False
Is 1709 composite?
False
Is 50639 a prime number?
False
Is 594911 composite?
False
Is 1829171 prime?
True
Is 764711 a prime number?
False
Is 461191 composite?
False
Is 13474 composite?
True
Is 321533 a composite number?
True
Is 93851 prime?
True
Is 37717 a composite number?
False
Is 78607 a prime number?
True
Is 59 prime?
True
Is 907019 prime?
True
Is 45161 prime?
True
Is 87529 a prime number?
False
Is 1321109 a composite number?
False
Is 20639 prime?
True
Is 51941 a composite number?
False
Is 229343 composite?
False
Is 4547 composite?
False
Is 124603 a composite number?
True
Is 36523 a composite number?
False
Is 469211 prime?
False
Is 7985 prime?
False
Is 295006 composite?
True
Is 49189 composite?
True
Is 2203 composite?
False
Is 7523 prime?
True
Is 82129 a composite number?
False
Is 967447 prime?
False
Is 39971 prime?
True
Is 159763 a composite number?
False
Is 48073 a composite number?
False
Is 18839 a prime number?
True
Is 611359 a prime number?
False
Is 7393 composite?
False
Is 7499 a composite number?
False
Is 33209 a prime number?
False
Is 13701 a composite number?
True
Is 14341 a composite number?
False
Is 211615 a composite number?
True
Is 253259 prime?
False
Is 42647 composite?
True
Is 737 composite?
True
Is 7454 prime?
False
Is 21703 composite?
True
Is 71633 a prime number?
True
Is 41651 composite?
False
Is 405947 composite?
False
Is 18949 a prime number?
False
Is 3491 composite?
False
Is 58787 a composite number?
False
Is 310353 composite?
True
Is 12661 a composite number?
True
Is 272747 composite?
True
Is 13621 composite?
True
Is 2777 a composite number?
False
Is 17257 prime?
True
Is 294607 a composite number?
True
Is 320899 a prime number?
True
Is 3107881 a composite number?
True
Is 102385 composite?
True
Is 115589 composite?
False
Is 10669 a composite number?
True
Is 9239 composite?
False
Is 5623 composite?
False
Is 58043 prime?
True
Is 25931 a composite number?
False
Is 158329 composite?
False
Is 428293 a prime number?
False
Is 9939 a composite number?
True
Is 48947 composite?
False
Is 4317 prime?
False
Is 17933 a prime number?
False
Is 27877 a prime number?
False
Is 2777 a composite number?
False
Is 99701 composite?
True
Is 90223 prime?
False
Is 85874 a composite number?
True
Is 1482883 composite?
False
Is 222247 a prime number?
True
Is 12401 a composite number?
False
Is 16307 prime?
False
Is 167521 prime?
True
Is 211577 a composite number?
True
Is 6761 prime?
True
Is 66281 a prime number?
False
Is 61091 a prime number?
True
Is 162187 prime?
False
Is 53549 a composite number?
False
Is 379 a composite number?
False
Is 48371 prime?
True
Is 2199 a prime number?
False
Is 108377 composite?
False
Is 26813 a composite number?
False
Is 43223 prime?
True
Is 18451 a composite number?
False
Is 477878 composite?
True
Is 12389 a composite number?
True
Is 53329 composite?
True
Is 874859 a composite number?
False
Is 38069 prime?
True
Is 55379 composite?
True
Is 29863 a composite number?
False
Is 41401 composite?
True
Is 184133 a prime number?
True
Is 22241 prime?
False
Is 70793 prime?
True
Is 1657 prime?
True
Is 22405 a composite number?
True
Is 6589 a composite number?
True
Is 2101313 prime?
True
Is 7405 a composite number?
True
Is 25663 composite?
True
Is 713 a prime number?
False
Is 653431 a prime number?
True
Is 233021 a composite number?
False
Is 699821 a composite number?
True
Is 20071 a prime number?
True
Is 10954369 composite?
False
Is 1133459 prime?
True
Is 20329 a composite number?
True
Is 243461 a composite number?
False
Is 203069 a composite number?
True
Is 33703 a composite number?
False
Is 55847 a composite number?
True
Is 6787 a composite number?
True
Is 69539 prime?
True
Is 585907 a prime number?
False
Is 601906 prime?
False
Is 32561 prime?
True
Is 153541 a prime number?
False
Is 3719 a composite number?
False
Is 37535 a composite number?
True
Is 31359 prime?
False
Is 34421 prime?
True
Is 127157 a prime number?
True
Is 173347 a composite number?
False
Is 57037 a prime number?
True
Is 16319 prime?
True
Is 50187 a composite number?
True
Is 4691 a prime number?
True
Is 60949 a prime number?
False
Is 223199 composite?
True
Is 12953 a prime number?
True
Is 23017 composite?
False
Is 183421 prime?
False
Is 2661611 a prime number?
True
Is 66887 prime?
False
Is 631 prime?
True
Is 8389 a prime number?
True
Is 2819 a prime number?
True
Is 156934 prime?
False
Is 53065 composite?
True
Is 676523 prime?
True
Is 102761 prime?
True
Is 479285 composite?
True
Is 116239 prime?
True
Is 67007 prime?
False
Is 19391 a composite number?
False
Is 135887 a composite number?
False
Is 6299 a composite number?
False
Is 204053 composite?
True
Is 1786443 a prime number?
False
Is 70537 prime?
True
Is 82687 composite?
True
Is 1093823 composite?
False
Is 97771 a composite number?
False
Is 8809 prime?
False
Is 259823 prime?
True
Is 155037 composite?
True
Is 22367 prime?
True
Is 10661 composite?
True
Is 313057 a prime number?
False
Is 27743 prime?
True
Is 2016241 composite?
True
Is 197339 prime?
True
Is 142771 a prime number?
True
Is 75173 composite?
True
Is 14963 prime?
False
Is 218 a composite number?
True
Is 206993 a prime number?
True
Is 235 a composite number?
True
Is 43697 a prime number?
False
Is 18119 a composite number?
False
Is 131059 a composite number?
False
Is 3863 prime?
True
Is 7411 prime?
True
Is 19051 prime?
True
Is 1584235 prime?
False
Is 105029 a composite number?
True
Is 7451 a composite number?
False
Is 11311 a prime number?
True
Is 18113 a composite number?
True
Is 28463 prime?
True
Is 83609 a composite number?
False
Is 1865 a prime number?
False
Is 708095 composite?
True
Is 74449 a prime number?
True
Is 143621 composite?
True
Is 518831 a prime number?
True
Is 17609 a prime number?
True
Is 20663 a prime number?
True
Is 10211 composite?
False
Is 1285 a prime number?
False
Is 747343 prime?
True
Is 7909 a prime number?
False
Is 443789 a composite number?
True
Is 99955 a prime number?
False
Is 36291 prime?
False
Is 60769 a prime number?
False
Is 1970783 a composite number?
False
Is 460439 prime?
False
Is 353 prime?
True
Is 7327 prime?
False
Is 42257 prime?
True
Is 23459 composite?
False
Is 8779 prime?
True
Is 200809 composite?
True
Is 4771 a composite number?
True
Is 188249 prime?
True
Is 2 prime?
True
Is 106903 a composite number?
False
Is 160141 a composite number?
False
Is 61781 prime?
True
Is 3785 a composite number?
True
Is 591485 composite?
True
Is 4283 prime?
True
Is 853357 prime?
True
Is 13367 a prime number?
True
Is 14041 a composite number?
True
Is 9277 a prime number?
True
Is 44211 prime?
False
Is 541201 a composite number?
False
Is 142837 a composite number?
False
Is 11789 composite?
False
Is 27317 composite?
True
Is 11197 a prime number?
True
Is 603349 composite?
False
Is 57731 a prime number?
True
Is 62743